+ 14*x + 3. Let q be o(14). Suppose -q*b = -r - 33, r + 0*r + 5*b = 7. What is the units digit of -2 + r*6/(-4)?
5
Suppose 0 = 4*c - 4, 2*m + c = 6*m - 7. Suppose 8*g - 490 = -m*g. What is the units digit of g?
9
Let z be 10*(2 + (-5)/(-10)). Let x = z + 6. What is the units digit of x?
1
Suppose 3*s = -3*w - 11 - 7, 2*s = 5*w + 2. Let l be s/(-5) + (-48)/60. Let f = 18 + l. What is the tens digit of f?
1
Suppose -3*d = 3*d. Suppose -5*u + 28 = -3*f, -4*u - 11 = -4*f - 7*u. What is the units digit of f/(-1)*(23 + d)?
3
Let p = 12 - -3. Let s = 17 - p. Suppose -s*h + 2 + 16 = 0. What is the units digit of h?
9
Suppose 0 = 30*h - 28*h - 560. Suppose 5*w - h = 435. What is the hundreds digit of w?
1
Let j(z) be the second derivative of -z**3/6 + 25*z**2/2 - z. What is the units digit of j(11)?
4
Let j(f) = -10*f - 6*f + 0*f**2 + 8 - f**2. What is the units digit of j(-9)?
1
Let x(o) = -3*o**3 + o**2 + 6*o. Let a be x(-5). Suppose 4*d - 2*u = 227 + 523, 2*u + a = 2*d. What is the hundreds digit of d?
1
Suppose 3753 = 3*c + 5*v, 4*c = 5*c + 5*v - 1241. What is the thousands digit of c?
1
Suppose 0 = -4*a + 5*n + 13555, a - 1403 = -2*n + 1976. What is the hundreds digit of a?
3
Let m(x) = -x**2 + 32*x - 32. What is the tens digit of m(23)?
7
Suppose 5*j + 67 = 2*d, 6 + 4 = 2*j. Let x = d + -32. What is the tens digit of x?
1
Suppose 792 = -14*m + 13*m. Let t = -541 - m. What is the tens digit of t?
5
Let r = -57 - -1170. What is the units digit of r?
3
Let h = 46 - 42. Suppose 0 = 13*y + h*y - 2210. What is the units digit of y?
0
Suppose 2*g = -3*g + 110. Let v = 11 - 12. What is the tens digit of (g/(-4))/(v/6)?
3
Suppose 6*v + 385 = 43. Let f = v - -92. What is the tens digit of f?
3
What is the units digit of ((-36)/48)/(5259/5260 + -1)?
5
Let h = 7876 + -5008. What is the thousands digit of h?
2
Let u(v) = -v**3 + 3*v**2 + 2543. What is the hundreds digit of u(0)?
5
What is the tens digit of 19767/7 - 3/(-21)?
2
Suppose 0 = -3*k + 2*s + 212 + 36, 4*s - 8 = 0. Suppose 105 = 5*x - 2*q, x - 4*q - k = -3*x. What is the tens digit of x?
2
Let j = -19 - -19. Suppose 3*o - 83 - 4 = j. What is the units digit of o?
9
Suppose j - 13 = 2. Let u = -32 - -21. Let x = j + u. What is the units digit of x?
4
What is the tens digit of -3 + (-3)/(7 - (-55124)/(-7874))?
3
Let x be 3*(200/(-15))/(-8). Suppose -x*n = -k - 98, -2*n - n + 60 = -k. What is the units digit of n?
9
Let h(n) = -n**3 + 5*n**2 - 4*n + 3. Let i be h(4). Suppose -4 + i = -l. What is the units digit of (-1)/((-1)/53*l)?
3
Let b = 844 - -654. What is the units digit of b?
8
Let d = -5 - -17. Let w be d/(1 - (-14)/(-20)). Suppose -2*r - 5*g + 52 = 0, -3*r + 0*g + w = -2*g. What is the tens digit of r?
1
Let l(t) = -19*t - 1. Let j be l(-3). Suppose a = 7 + j. Suppose s + u = 5 + 10, 4*s + 3*u - a = 0. What is the tens digit of s?
1
Let c be (12/8)/(2/(-12)). Suppose 3*b - 72 = -b. Let m = c + b. What is the units digit of m?
9
Let b be (-4)/7 - 46/(-7). Let a be (-12)/18 - (-28)/b. Suppose -u + 47 = q - 4, a*u - 192 = -q. What is the units digit of u?
7
Let w(r) = -9 - 14 + 13*r**2 - 23*r - 134*r**3 + r + 135*r**3. What is the tens digit of w(-14)?
8
Let u(p) = p**3 + 1. Let q be u(-2). Let i = 7 + q. Suppose i = -5*l + 46 + 129. What is the tens digit of l?
3
Let z = -80 + 82. Let u = 25 - z. What is the units digit of u?
3
Let u(s) = 29*s**2 - 20*s - 14. What is the units digit of u(5)?
1
Let h(x) = 54*x - 514. What is the units digit of h(23)?
8
Let c(z) = -z**3 - 4*z**2 - 4*z - 3. Let v be c(-3). Suppose j + 4*x - 4 = 3*j, -j - 4*x + 4 = v. Suppose 2*k - 22 = -j*k. What is the tens digit of k?
1
Let f = 146 + -85. Suppose 4*p - 277 + f = -5*q, 3*q - 128 = -4*p. What is the tens digit of q?
4
Suppose 12*a - 117252 = -24*a. What is the thousands digit of a?
3
Suppose 0*q = 3*c - 2*q - 460, 172 = c + 4*q. What is the units digit of c?
6
Let c = -225 + 54. What is the tens digit of -2*(-9)/6 - c?
7
Let o be 6/(-8) + ((-171)/12)/(-3). What is the units digit of (1 - o) + (-60)/(-12)?
2
Let t be 60 + (1 - -1) - -3. Let l = t + 15. Suppose 5*v = v + l. What is the tens digit of v?
2
Let f(b) = -21*b + 2. Let n be f(-3). Suppose c = -4*z + 13, 3*z = 5*c + 8 + 19. Suppose -9*o = -z*o - n. What is the tens digit of o?
1
Let m be (-2)/(3 + 55/(-15)). Suppose m*d + 5*r = 192, 2*d + 0*r - 2*r = 144. What is the tens digit of d?
6
Let r(v) = -v**3 - 26*v**2 - 32*v + 116. What is the units digit of r(-28)?
0
Let z = -3 - -3. Let j(k) = 2*k**2 - 42*k - 30. Let f be j(24). Suppose 3*d - f = q, -3*d = -2*q - z*q - 117. What is the tens digit of d?
3
Suppose 13*q - 1844 = 36480. What is the hundreds digit of q?
9
Let a(p) = -38*p - 213. What is the tens digit of a(-29)?
8
Suppose 15*p - 1242 = 13*p. What is the tens digit of p?
2
Let u = 823 - 699. What is the units digit of u?
4
Suppose 2*q + 0*q - f = 2354, 2*f = -q + 1172. What is the thousands digit of q?
1
Let t be 1 + (-10 - (-2)/1). What is the units digit of 4/(84/519) - 2/t?
5
Let f(a) = a**3 + 8*a**2 - 4*a + 18. Let p be f(-8). Suppose -5*o + p = -4*o. What is the units digit of o?
0
What is the units digit of (16371/34)/((-5)/(-30))?
9
Suppose -17*g = -16*g - r - 210, 5*g + 3*r = 1042. What is the hundreds digit of g?
2
Let q = -23 + 21. Let t be 3 - (-137)/(q + 3). Suppose 10*p = 14*p - t. What is the units digit of p?
5
Let f(r) = -47*r + 2. Suppose h - 4*h = 3. What is the tens digit of f(h)?
4
Let h(s) = s**3 + 5*s**2 + 4. Let p be h(-3). Suppose -25 = -27*z + p*z. Suppose 0 = w - z*w + 16. What is the units digit of w?
4
Suppose -4*l - 90 = -l. Let c = -529 + 503. Let a = c - l. What is the units digit of a?
4
Let t be ((-714)/85)/((-4)/10). Suppose 4*o - t = -5. What is the units digit of o?
4
Let w(n) = n**2 - 13*n + 3. Let q be w(13). Suppose -93 = 4*z + 51. What is the tens digit of q*2/((-8)/z)?
2
Let k(t) = -102*t - 667. What is the units digit of k(-24)?
1
Suppose -2*w - w + 12 = 0. Let k(o) = 8*o**2 + 3*o - 12. What is the units digit of k(w)?
8
Let k(t) = 6*t**3 + 8*t**2 + t + 15. Let i(d) = d**3 + d**2 + d + 1. Let u(w) = 5*i(w) - k(w). Let q be -2 + 3/6*18/(-3). What is the tens digit of u(q)?
2
Let y = 1060 + 62. What is the hundreds digit of y?
1
Let b(d) = 3*d**2 + 48*d + 226. What is the units digit of b(-31)?
1
Let c = 6383 - 4256. What is the hundreds digit of c?
1
Let f(d) = -d**3 + 19*d**2 + 52*d + 10. What is the tens digit of f(21)?
2
Suppose 8*u + 0*u = 11424. What is the units digit of u?
8
Suppose 3*x - 319 = -2*q, 3*x - q + 314 = 6*x. What is the hundreds digit of x?
1
Suppose -5*x - 54 = l + 2*l, 0 = -4*x + 2*l - 30. Let c(q) = q**3 + 10*q**2 + 4*q - 6. What is the tens digit of c(x)?
3
Suppose 86*x = 113*x - 79731. What is the units digit of x?
3
Let t(o) = o**2 + 6*o + 2. Suppose 0 = 4*u - 8*u. Suppose -2*p - 5*i + 3 - 5 = 0, -3*i + 6 = u. What is the units digit of t(p)?
2
Let o = 11 - 12. Let k = 2 - o. Suppose 2*m = 10, -76 = k*c - 5*c - 2*m. What is the units digit of c?
3
What is the tens digit of ((-1586)/305)/(1/(-10))?
5
Let a(l) = 2*l**2 + 7*l - 119. What is the hundreds digit of a(13)?
3
Let q(b) = 3*b - 2 - 2*b + 1 - 5. Let h be q(2). What is the units digit of ((-10)/h)/(4/16)?
0
Suppose 22 = 7*s - 6. What is the tens digit of 726/12 - (-2)/s?
6
Let f be 6213/15 - 0 - (-2)/(-10). Let a = f - 258. What is the hundreds digit of a?
1
Suppose -6*q + 3*q - c - 49 = 0, -2*q + 2*c - 22 = 0. Let v(k) = k**2 + 15*k - 5. Let b be v(q). Let t(u) = 2*u**2 + 5*u - 5. What is the units digit of t(b)?
0
Suppose -3 = 2*p - h + 2*h, h = -3. Suppose 3*g + 3*n = 3, 21 = g - 4*n - p*n. What is the units digit of g?
5
Suppose -3*s + 4*p = 293, 5*p - 74 - 31 = s. Let a = s + 96. What is the units digit of a?
1
Let h(i) = i**3 + 10*i**2 - i + 11. Let v be ((-6)/10)/((-5)/25). Suppose -v*d = -6*d - 30. What is the tens digit of h(d)?
2
Let k(j) = 14*j**2 - 15*j + 25. Let h be k(8). Let n = h - 571. What is the units digit of n?
0
Let v(x) = -107*x - 996. What is the hundreds digit of v(-14)?
5
Let b be (3*1)/((-18)/(-12)). Suppose 0 = -3*w - 2*w + b*t + 29, 2*w + 3*t = 4. Suppose 0 = -5*f - 10 - w, 0 = -5*x + f + 78. What is the units digit of x?
5
Let a(y) = -y**2 - 2*y + 15. Let s be a(-5). Suppose 5*i = 3*u - 75 + 4, s